{"id":30478,"date":"2021-05-17T02:50:13","date_gmt":"2021-05-17T05:50:13","guid":{"rendered":"https:\/\/sinpro-rio.org.br\/principal\/?page_id=30478"},"modified":"2024-02-20T15:14:09","modified_gmt":"2024-02-20T18:14:09","slug":"criar-conta-meu-sinpro","status":"publish","type":"page","link":"https:\/\/www.sinpro-rio.org.br\/principal\/criar-conta-meu-sinpro\/","title":{"rendered":"Criar conta &#8220;Meu Sinpro&#8221;"},"content":{"rendered":"\n<img fetchpriority=\"high\" decoding=\"async\" width=\"300\" height=\"251\" src=\"https:\/\/site.sinpro.rio.br\/wp-content\/uploads\/2021\/06\/ola-sinpro-rio.png\" alt=\"\" class=\"wp-image-30824\" srcset=\"https:\/\/www.sinpro-rio.org.br\/principal\/wp-content\/uploads\/2021\/06\/ola-sinpro-rio.png 300w, https:\/\/www.sinpro-rio.org.br\/principal\/wp-content\/uploads\/2021\/06\/ola-sinpro-rio-120x100.png 120w\" sizes=\"(max-width: 300px) 100vw, 300px\" \/>\n\n\n\n<p>Aqui voc\u00ea poder\u00e1 criar um login e ter acesso a informa\u00e7\u00f5es como: hist\u00f3rico de pagamento dos \u00faltimos meses e mensagens enviadas atrav\u00e9s da nossa newsletter, solicitar of\u00edcios e\/ou declara\u00e7\u00f5es, fazer agendamentos com advogados\/as, al\u00e9m de manter seus dados sempre atualizados.<br><br>Para criar sua conta \u00e9 necess\u00e1rio que voc\u00ea seja um membro sindicalizado do Sinpro-Rio e, para acessar todos os servi\u00e7os, ser\u00e1 preciso estar com suas contribui\u00e7\u00f5es em dia.<br><br>Use as op\u00e7\u00f5es ao lado para criar seu acesso a \u00e1rea privativa ou acessar a sua \u00e1rea.<\/p>\n","protected":false},"excerpt":{"rendered":"<p>Aqui voc\u00ea poder\u00e1 criar um login e ter acesso a informa\u00e7\u00f5es como: hist\u00f3rico de pagamento dos \u00faltimos meses e mensagens enviadas atrav\u00e9s da nossa newsletter, solicitar of\u00edcios e\/ou declara\u00e7\u00f5es, fazer agendamentos com advogados\/as, al\u00e9m de manter seus dados sempre atualizados. Para criar sua conta \u00e9 necess\u00e1rio que voc\u00ea seja um membro sindicalizado do Sinpro-Rio e, [&hellip;]<\/p>\n","protected":false},"author":1,"featured_media":0,"parent":0,"menu_order":0,"comment_status":"closed","ping_status":"closed","template":"","meta":{"footnotes":""},"class_list":["post-30478","page","type-page","status-publish","hentry"],"yoast_head":"<!-- This site is optimized with the Yoast SEO plugin v25.7 - https:\/\/yoast.com\/wordpress\/plugins\/seo\/ -->\n<title>Criar conta &quot;Meu Sinpro&quot; - Sinpro-Rio<\/title>\n<meta name=\"robots\" content=\"index, follow, max-snippet:-1, max-image-preview:large, max-video-preview:-1\" \/>\n<link rel=\"canonical\" href=\"https:\/\/www.sinpro-rio.org.br\/principal\/criar-conta-meu-sinpro\/\" \/>\n<meta property=\"og:locale\" content=\"pt_BR\" \/>\n<meta property=\"og:type\" content=\"article\" \/>\n<meta property=\"og:title\" content=\"Criar conta &quot;Meu Sinpro&quot; - Sinpro-Rio\" \/>\n<meta property=\"og:description\" content=\"Aqui voc\u00ea poder\u00e1 criar um login e ter acesso a informa\u00e7\u00f5es como: hist\u00f3rico de pagamento dos \u00faltimos meses e mensagens enviadas atrav\u00e9s da nossa newsletter, solicitar of\u00edcios e\/ou declara\u00e7\u00f5es, fazer agendamentos com advogados\/as, al\u00e9m de manter seus dados sempre atualizados. Para criar sua conta \u00e9 necess\u00e1rio que voc\u00ea seja um membro sindicalizado do Sinpro-Rio e, [&hellip;]\" \/>\n<meta property=\"og:url\" content=\"https:\/\/www.sinpro-rio.org.br\/principal\/criar-conta-meu-sinpro\/\" \/>\n<meta property=\"og:site_name\" content=\"Sinpro-Rio\" \/>\n<meta property=\"article:modified_time\" content=\"2024-02-20T18:14:09+00:00\" \/>\n<meta property=\"og:image\" content=\"https:\/\/www.sinpro-rio.org.br\/principal\/wp-content\/uploads\/2021\/06\/ola-sinpro-rio.png\" \/>\n\t<meta property=\"og:image:width\" content=\"300\" \/>\n\t<meta property=\"og:image:height\" content=\"251\" \/>\n\t<meta property=\"og:image:type\" content=\"image\/png\" \/>\n<meta name=\"twitter:card\" content=\"summary_large_image\" \/>\n<script type=\"application\/ld+json\" class=\"yoast-schema-graph\">{\"@context\":\"https:\/\/schema.org\",\"@graph\":[{\"@type\":\"WebPage\",\"@id\":\"https:\/\/www.sinpro-rio.org.br\/principal\/criar-conta-meu-sinpro\/\",\"url\":\"https:\/\/www.sinpro-rio.org.br\/principal\/criar-conta-meu-sinpro\/\",\"name\":\"Criar conta \\\"Meu Sinpro\\\" - Sinpro-Rio\",\"isPartOf\":{\"@id\":\"https:\/\/www.sinpro-rio.org.br\/principal\/#website\"},\"primaryImageOfPage\":{\"@id\":\"https:\/\/www.sinpro-rio.org.br\/principal\/criar-conta-meu-sinpro\/#primaryimage\"},\"image\":{\"@id\":\"https:\/\/www.sinpro-rio.org.br\/principal\/criar-conta-meu-sinpro\/#primaryimage\"},\"thumbnailUrl\":\"https:\/\/site.sinpro.rio.br\/wp-content\/uploads\/2021\/06\/ola-sinpro-rio.png\",\"datePublished\":\"2021-05-17T05:50:13+00:00\",\"dateModified\":\"2024-02-20T18:14:09+00:00\",\"breadcrumb\":{\"@id\":\"https:\/\/www.sinpro-rio.org.br\/principal\/criar-conta-meu-sinpro\/#breadcrumb\"},\"inLanguage\":\"pt-BR\",\"potentialAction\":[{\"@type\":\"ReadAction\",\"target\":[\"https:\/\/www.sinpro-rio.org.br\/principal\/criar-conta-meu-sinpro\/\"]}]},{\"@type\":\"ImageObject\",\"inLanguage\":\"pt-BR\",\"@id\":\"https:\/\/www.sinpro-rio.org.br\/principal\/criar-conta-meu-sinpro\/#primaryimage\",\"url\":\"https:\/\/site.sinpro.rio.br\/wp-content\/uploads\/2021\/06\/ola-sinpro-rio.png\",\"contentUrl\":\"https:\/\/site.sinpro.rio.br\/wp-content\/uploads\/2021\/06\/ola-sinpro-rio.png\"},{\"@type\":\"BreadcrumbList\",\"@id\":\"https:\/\/www.sinpro-rio.org.br\/principal\/criar-conta-meu-sinpro\/#breadcrumb\",\"itemListElement\":[{\"@type\":\"ListItem\",\"position\":1,\"name\":\"In\u00edcio\",\"item\":\"https:\/\/www.sinpro-rio.org.br\/principal\/\"},{\"@type\":\"ListItem\",\"position\":2,\"name\":\"Criar conta &#8220;Meu Sinpro&#8221;\"}]},{\"@type\":\"WebSite\",\"@id\":\"https:\/\/www.sinpro-rio.org.br\/principal\/#website\",\"url\":\"https:\/\/www.sinpro-rio.org.br\/principal\/\",\"name\":\"Sinpro-Rio\",\"description\":\"Sindicato dos Professores do Munic\u00edpio do Rio de Janeiro e Regi\u00e3o\",\"potentialAction\":[{\"@type\":\"SearchAction\",\"target\":{\"@type\":\"EntryPoint\",\"urlTemplate\":\"https:\/\/www.sinpro-rio.org.br\/principal\/?s={search_term_string}\"},\"query-input\":{\"@type\":\"PropertyValueSpecification\",\"valueRequired\":true,\"valueName\":\"search_term_string\"}}],\"inLanguage\":\"pt-BR\"}]}<\/script>\n<!-- \/ Yoast SEO plugin. -->","yoast_head_json":{"title":"Criar conta \"Meu Sinpro\" - Sinpro-Rio","robots":{"index":"index","follow":"follow","max-snippet":"max-snippet:-1","max-image-preview":"max-image-preview:large","max-video-preview":"max-video-preview:-1"},"canonical":"https:\/\/www.sinpro-rio.org.br\/principal\/criar-conta-meu-sinpro\/","og_locale":"pt_BR","og_type":"article","og_title":"Criar conta \"Meu Sinpro\" - Sinpro-Rio","og_description":"Aqui voc\u00ea poder\u00e1 criar um login e ter acesso a informa\u00e7\u00f5es como: hist\u00f3rico de pagamento dos \u00faltimos meses e mensagens enviadas atrav\u00e9s da nossa newsletter, solicitar of\u00edcios e\/ou declara\u00e7\u00f5es, fazer agendamentos com advogados\/as, al\u00e9m de manter seus dados sempre atualizados. Para criar sua conta \u00e9 necess\u00e1rio que voc\u00ea seja um membro sindicalizado do Sinpro-Rio e, [&hellip;]","og_url":"https:\/\/www.sinpro-rio.org.br\/principal\/criar-conta-meu-sinpro\/","og_site_name":"Sinpro-Rio","article_modified_time":"2024-02-20T18:14:09+00:00","og_image":[{"width":300,"height":251,"url":"https:\/\/www.sinpro-rio.org.br\/principal\/wp-content\/uploads\/2021\/06\/ola-sinpro-rio.png","type":"image\/png"}],"twitter_card":"summary_large_image","schema":{"@context":"https:\/\/schema.org","@graph":[{"@type":"WebPage","@id":"https:\/\/www.sinpro-rio.org.br\/principal\/criar-conta-meu-sinpro\/","url":"https:\/\/www.sinpro-rio.org.br\/principal\/criar-conta-meu-sinpro\/","name":"Criar conta \"Meu Sinpro\" - Sinpro-Rio","isPartOf":{"@id":"https:\/\/www.sinpro-rio.org.br\/principal\/#website"},"primaryImageOfPage":{"@id":"https:\/\/www.sinpro-rio.org.br\/principal\/criar-conta-meu-sinpro\/#primaryimage"},"image":{"@id":"https:\/\/www.sinpro-rio.org.br\/principal\/criar-conta-meu-sinpro\/#primaryimage"},"thumbnailUrl":"https:\/\/site.sinpro.rio.br\/wp-content\/uploads\/2021\/06\/ola-sinpro-rio.png","datePublished":"2021-05-17T05:50:13+00:00","dateModified":"2024-02-20T18:14:09+00:00","breadcrumb":{"@id":"https:\/\/www.sinpro-rio.org.br\/principal\/criar-conta-meu-sinpro\/#breadcrumb"},"inLanguage":"pt-BR","potentialAction":[{"@type":"ReadAction","target":["https:\/\/www.sinpro-rio.org.br\/principal\/criar-conta-meu-sinpro\/"]}]},{"@type":"ImageObject","inLanguage":"pt-BR","@id":"https:\/\/www.sinpro-rio.org.br\/principal\/criar-conta-meu-sinpro\/#primaryimage","url":"https:\/\/site.sinpro.rio.br\/wp-content\/uploads\/2021\/06\/ola-sinpro-rio.png","contentUrl":"https:\/\/site.sinpro.rio.br\/wp-content\/uploads\/2021\/06\/ola-sinpro-rio.png"},{"@type":"BreadcrumbList","@id":"https:\/\/www.sinpro-rio.org.br\/principal\/criar-conta-meu-sinpro\/#breadcrumb","itemListElement":[{"@type":"ListItem","position":1,"name":"In\u00edcio","item":"https:\/\/www.sinpro-rio.org.br\/principal\/"},{"@type":"ListItem","position":2,"name":"Criar conta &#8220;Meu Sinpro&#8221;"}]},{"@type":"WebSite","@id":"https:\/\/www.sinpro-rio.org.br\/principal\/#website","url":"https:\/\/www.sinpro-rio.org.br\/principal\/","name":"Sinpro-Rio","description":"Sindicato dos Professores do Munic\u00edpio do Rio de Janeiro e Regi\u00e3o","potentialAction":[{"@type":"SearchAction","target":{"@type":"EntryPoint","urlTemplate":"https:\/\/www.sinpro-rio.org.br\/principal\/?s={search_term_string}"},"query-input":{"@type":"PropertyValueSpecification","valueRequired":true,"valueName":"search_term_string"}}],"inLanguage":"pt-BR"}]}},"_links":{"self":[{"href":"https:\/\/www.sinpro-rio.org.br\/principal\/wp-json\/wp\/v2\/pages\/30478","targetHints":{"allow":["GET"]}}],"collection":[{"href":"https:\/\/www.sinpro-rio.org.br\/principal\/wp-json\/wp\/v2\/pages"}],"about":[{"href":"https:\/\/www.sinpro-rio.org.br\/principal\/wp-json\/wp\/v2\/types\/page"}],"author":[{"embeddable":true,"href":"https:\/\/www.sinpro-rio.org.br\/principal\/wp-json\/wp\/v2\/users\/1"}],"replies":[{"embeddable":true,"href":"https:\/\/www.sinpro-rio.org.br\/principal\/wp-json\/wp\/v2\/comments?post=30478"}],"version-history":[{"count":11,"href":"https:\/\/www.sinpro-rio.org.br\/principal\/wp-json\/wp\/v2\/pages\/30478\/revisions"}],"predecessor-version":[{"id":37352,"href":"https:\/\/www.sinpro-rio.org.br\/principal\/wp-json\/wp\/v2\/pages\/30478\/revisions\/37352"}],"wp:attachment":[{"href":"https:\/\/www.sinpro-rio.org.br\/principal\/wp-json\/wp\/v2\/media?parent=30478"}],"curies":[{"name":"wp","href":"https:\/\/api.w.org\/{rel}","templated":true}]}}