{"id":28839,"date":"2020-08-07T00:04:11","date_gmt":"2020-08-07T03:04:11","guid":{"rendered":"https:\/\/sinpro-rio.org.br\/principal\/?page_id=28839"},"modified":"2020-08-15T19:20:45","modified_gmt":"2020-08-15T22:20:45","slug":"pre-inscricao-assembleia-virtual","status":"publish","type":"page","link":"https:\/\/www.sinpro-rio.org.br\/principal\/pre-inscricao-assembleia-virtual\/","title":{"rendered":"Pr\u00e9-inscricao assembleia virtual"},"content":{"rendered":"\n<p>Pr\u00e9-inscri\u00e7\u00e3o assembleia virtual do dia 19\/08\/2020 \u00e0s 18h pelo &#8216;Zoom&#8217;<\/p>\n\n\n\n<figure class=\"wp-block-image size-large\"><img fetchpriority=\"high\" decoding=\"async\" width=\"1024\" height=\"1024\" src=\"https:\/\/sinpro-rio.org.br\/principal\/wp-content\/uploads\/2020\/08\/5c0cead9-fcf0-403c-9f50-454aad7d076b-1024x1024.jpeg\" alt=\"\" class=\"wp-image-28949\" srcset=\"https:\/\/www.sinpro-rio.org.br\/principal\/wp-content\/uploads\/2020\/08\/5c0cead9-fcf0-403c-9f50-454aad7d076b-1024x1024.jpeg 1024w, https:\/\/www.sinpro-rio.org.br\/principal\/wp-content\/uploads\/2020\/08\/5c0cead9-fcf0-403c-9f50-454aad7d076b-300x300.jpeg 300w, https:\/\/www.sinpro-rio.org.br\/principal\/wp-content\/uploads\/2020\/08\/5c0cead9-fcf0-403c-9f50-454aad7d076b-100x100.jpeg 100w, https:\/\/www.sinpro-rio.org.br\/principal\/wp-content\/uploads\/2020\/08\/5c0cead9-fcf0-403c-9f50-454aad7d076b-768x768.jpeg 768w, https:\/\/www.sinpro-rio.org.br\/principal\/wp-content\/uploads\/2020\/08\/5c0cead9-fcf0-403c-9f50-454aad7d076b.jpeg 1080w\" sizes=\"(max-width: 1024px) 100vw, 1024px\" \/><\/figure>\n","protected":false},"excerpt":{"rendered":"<p>Pr\u00e9-inscri\u00e7\u00e3o assembleia virtual do dia 19\/08\/2020 \u00e0s 18h pelo &#8216;Zoom&#8217;<\/p>\n","protected":false},"author":1,"featured_media":0,"parent":0,"menu_order":0,"comment_status":"closed","ping_status":"closed","template":"","meta":{"footnotes":""},"class_list":["post-28839","page","type-page","status-publish","hentry"],"yoast_head":"<!-- This site is optimized with the Yoast SEO plugin v25.7 - https:\/\/yoast.com\/wordpress\/plugins\/seo\/ -->\n<title>Pr\u00e9-inscricao assembleia virtual - Sinpro-Rio<\/title>\n<meta name=\"robots\" content=\"index, follow, max-snippet:-1, max-image-preview:large, max-video-preview:-1\" \/>\n<link rel=\"canonical\" href=\"https:\/\/www.sinpro-rio.org.br\/principal\/pre-inscricao-assembleia-virtual\/\" \/>\n<meta property=\"og:locale\" content=\"pt_BR\" \/>\n<meta property=\"og:type\" content=\"article\" \/>\n<meta property=\"og:title\" content=\"Pr\u00e9-inscricao assembleia virtual - Sinpro-Rio\" \/>\n<meta property=\"og:description\" content=\"Pr\u00e9-inscri\u00e7\u00e3o assembleia virtual do dia 19\/08\/2020 \u00e0s 18h pelo &#8216;Zoom&#8217;\" \/>\n<meta property=\"og:url\" content=\"https:\/\/www.sinpro-rio.org.br\/principal\/pre-inscricao-assembleia-virtual\/\" \/>\n<meta property=\"og:site_name\" content=\"Sinpro-Rio\" \/>\n<meta property=\"article:modified_time\" content=\"2020-08-15T22:20:45+00:00\" \/>\n<meta property=\"og:image\" content=\"https:\/\/www.sinpro-rio.org.br\/principal\/wp-content\/uploads\/2020\/08\/5c0cead9-fcf0-403c-9f50-454aad7d076b.jpeg\" \/>\n\t<meta property=\"og:image:width\" content=\"1080\" \/>\n\t<meta property=\"og:image:height\" content=\"1080\" \/>\n\t<meta property=\"og:image:type\" content=\"image\/jpeg\" \/>\n<meta name=\"twitter:card\" content=\"summary_large_image\" \/>\n<script type=\"application\/ld+json\" class=\"yoast-schema-graph\">{\"@context\":\"https:\/\/schema.org\",\"@graph\":[{\"@type\":\"WebPage\",\"@id\":\"https:\/\/www.sinpro-rio.org.br\/principal\/pre-inscricao-assembleia-virtual\/\",\"url\":\"https:\/\/www.sinpro-rio.org.br\/principal\/pre-inscricao-assembleia-virtual\/\",\"name\":\"Pr\u00e9-inscricao assembleia virtual - Sinpro-Rio\",\"isPartOf\":{\"@id\":\"https:\/\/www.sinpro-rio.org.br\/principal\/#website\"},\"primaryImageOfPage\":{\"@id\":\"https:\/\/www.sinpro-rio.org.br\/principal\/pre-inscricao-assembleia-virtual\/#primaryimage\"},\"image\":{\"@id\":\"https:\/\/www.sinpro-rio.org.br\/principal\/pre-inscricao-assembleia-virtual\/#primaryimage\"},\"thumbnailUrl\":\"https:\/\/sinpro-rio.org.br\/principal\/wp-content\/uploads\/2020\/08\/5c0cead9-fcf0-403c-9f50-454aad7d076b-1024x1024.jpeg\",\"datePublished\":\"2020-08-07T03:04:11+00:00\",\"dateModified\":\"2020-08-15T22:20:45+00:00\",\"breadcrumb\":{\"@id\":\"https:\/\/www.sinpro-rio.org.br\/principal\/pre-inscricao-assembleia-virtual\/#breadcrumb\"},\"inLanguage\":\"pt-BR\",\"potentialAction\":[{\"@type\":\"ReadAction\",\"target\":[\"https:\/\/www.sinpro-rio.org.br\/principal\/pre-inscricao-assembleia-virtual\/\"]}]},{\"@type\":\"ImageObject\",\"inLanguage\":\"pt-BR\",\"@id\":\"https:\/\/www.sinpro-rio.org.br\/principal\/pre-inscricao-assembleia-virtual\/#primaryimage\",\"url\":\"https:\/\/sinpro-rio.org.br\/principal\/wp-content\/uploads\/2020\/08\/5c0cead9-fcf0-403c-9f50-454aad7d076b-1024x1024.jpeg\",\"contentUrl\":\"https:\/\/sinpro-rio.org.br\/principal\/wp-content\/uploads\/2020\/08\/5c0cead9-fcf0-403c-9f50-454aad7d076b-1024x1024.jpeg\"},{\"@type\":\"BreadcrumbList\",\"@id\":\"https:\/\/www.sinpro-rio.org.br\/principal\/pre-inscricao-assembleia-virtual\/#breadcrumb\",\"itemListElement\":[{\"@type\":\"ListItem\",\"position\":1,\"name\":\"In\u00edcio\",\"item\":\"https:\/\/www.sinpro-rio.org.br\/principal\/\"},{\"@type\":\"ListItem\",\"position\":2,\"name\":\"Pr\u00e9-inscricao assembleia virtual\"}]},{\"@type\":\"WebSite\",\"@id\":\"https:\/\/www.sinpro-rio.org.br\/principal\/#website\",\"url\":\"https:\/\/www.sinpro-rio.org.br\/principal\/\",\"name\":\"Sinpro-Rio\",\"description\":\"Sindicato dos Professores do Munic\u00edpio do Rio de Janeiro e Regi\u00e3o\",\"potentialAction\":[{\"@type\":\"SearchAction\",\"target\":{\"@type\":\"EntryPoint\",\"urlTemplate\":\"https:\/\/www.sinpro-rio.org.br\/principal\/?s={search_term_string}\"},\"query-input\":{\"@type\":\"PropertyValueSpecification\",\"valueRequired\":true,\"valueName\":\"search_term_string\"}}],\"inLanguage\":\"pt-BR\"}]}<\/script>\n<!-- \/ Yoast SEO plugin. -->","yoast_head_json":{"title":"Pr\u00e9-inscricao assembleia virtual - Sinpro-Rio","robots":{"index":"index","follow":"follow","max-snippet":"max-snippet:-1","max-image-preview":"max-image-preview:large","max-video-preview":"max-video-preview:-1"},"canonical":"https:\/\/www.sinpro-rio.org.br\/principal\/pre-inscricao-assembleia-virtual\/","og_locale":"pt_BR","og_type":"article","og_title":"Pr\u00e9-inscricao assembleia virtual - Sinpro-Rio","og_description":"Pr\u00e9-inscri\u00e7\u00e3o assembleia virtual do dia 19\/08\/2020 \u00e0s 18h pelo &#8216;Zoom&#8217;","og_url":"https:\/\/www.sinpro-rio.org.br\/principal\/pre-inscricao-assembleia-virtual\/","og_site_name":"Sinpro-Rio","article_modified_time":"2020-08-15T22:20:45+00:00","og_image":[{"width":1080,"height":1080,"url":"https:\/\/www.sinpro-rio.org.br\/principal\/wp-content\/uploads\/2020\/08\/5c0cead9-fcf0-403c-9f50-454aad7d076b.jpeg","type":"image\/jpeg"}],"twitter_card":"summary_large_image","schema":{"@context":"https:\/\/schema.org","@graph":[{"@type":"WebPage","@id":"https:\/\/www.sinpro-rio.org.br\/principal\/pre-inscricao-assembleia-virtual\/","url":"https:\/\/www.sinpro-rio.org.br\/principal\/pre-inscricao-assembleia-virtual\/","name":"Pr\u00e9-inscricao assembleia virtual - Sinpro-Rio","isPartOf":{"@id":"https:\/\/www.sinpro-rio.org.br\/principal\/#website"},"primaryImageOfPage":{"@id":"https:\/\/www.sinpro-rio.org.br\/principal\/pre-inscricao-assembleia-virtual\/#primaryimage"},"image":{"@id":"https:\/\/www.sinpro-rio.org.br\/principal\/pre-inscricao-assembleia-virtual\/#primaryimage"},"thumbnailUrl":"https:\/\/sinpro-rio.org.br\/principal\/wp-content\/uploads\/2020\/08\/5c0cead9-fcf0-403c-9f50-454aad7d076b-1024x1024.jpeg","datePublished":"2020-08-07T03:04:11+00:00","dateModified":"2020-08-15T22:20:45+00:00","breadcrumb":{"@id":"https:\/\/www.sinpro-rio.org.br\/principal\/pre-inscricao-assembleia-virtual\/#breadcrumb"},"inLanguage":"pt-BR","potentialAction":[{"@type":"ReadAction","target":["https:\/\/www.sinpro-rio.org.br\/principal\/pre-inscricao-assembleia-virtual\/"]}]},{"@type":"ImageObject","inLanguage":"pt-BR","@id":"https:\/\/www.sinpro-rio.org.br\/principal\/pre-inscricao-assembleia-virtual\/#primaryimage","url":"https:\/\/sinpro-rio.org.br\/principal\/wp-content\/uploads\/2020\/08\/5c0cead9-fcf0-403c-9f50-454aad7d076b-1024x1024.jpeg","contentUrl":"https:\/\/sinpro-rio.org.br\/principal\/wp-content\/uploads\/2020\/08\/5c0cead9-fcf0-403c-9f50-454aad7d076b-1024x1024.jpeg"},{"@type":"BreadcrumbList","@id":"https:\/\/www.sinpro-rio.org.br\/principal\/pre-inscricao-assembleia-virtual\/#breadcrumb","itemListElement":[{"@type":"ListItem","position":1,"name":"In\u00edcio","item":"https:\/\/www.sinpro-rio.org.br\/principal\/"},{"@type":"ListItem","position":2,"name":"Pr\u00e9-inscricao assembleia virtual"}]},{"@type":"WebSite","@id":"https:\/\/www.sinpro-rio.org.br\/principal\/#website","url":"https:\/\/www.sinpro-rio.org.br\/principal\/","name":"Sinpro-Rio","description":"Sindicato dos Professores do Munic\u00edpio do Rio de Janeiro e Regi\u00e3o","potentialAction":[{"@type":"SearchAction","target":{"@type":"EntryPoint","urlTemplate":"https:\/\/www.sinpro-rio.org.br\/principal\/?s={search_term_string}"},"query-input":{"@type":"PropertyValueSpecification","valueRequired":true,"valueName":"search_term_string"}}],"inLanguage":"pt-BR"}]}},"_links":{"self":[{"href":"https:\/\/www.sinpro-rio.org.br\/principal\/wp-json\/wp\/v2\/pages\/28839","targetHints":{"allow":["GET"]}}],"collection":[{"href":"https:\/\/www.sinpro-rio.org.br\/principal\/wp-json\/wp\/v2\/pages"}],"about":[{"href":"https:\/\/www.sinpro-rio.org.br\/principal\/wp-json\/wp\/v2\/types\/page"}],"author":[{"embeddable":true,"href":"https:\/\/www.sinpro-rio.org.br\/principal\/wp-json\/wp\/v2\/users\/1"}],"replies":[{"embeddable":true,"href":"https:\/\/www.sinpro-rio.org.br\/principal\/wp-json\/wp\/v2\/comments?post=28839"}],"version-history":[{"count":6,"href":"https:\/\/www.sinpro-rio.org.br\/principal\/wp-json\/wp\/v2\/pages\/28839\/revisions"}],"predecessor-version":[{"id":28950,"href":"https:\/\/www.sinpro-rio.org.br\/principal\/wp-json\/wp\/v2\/pages\/28839\/revisions\/28950"}],"wp:attachment":[{"href":"https:\/\/www.sinpro-rio.org.br\/principal\/wp-json\/wp\/v2\/media?parent=28839"}],"curies":[{"name":"wp","href":"https:\/\/api.w.org\/{rel}","templated":true}]}}

Pré-inscricao assembleia virtual

<p>Pré-inscrição assembleia virtual do dia 19/08/2020 às 18h pelo &#8216;Zoom&#8217;</p>



<figure class="wp-block-image size-large"><img fetchpriority="high" decoding="async" width="1024" height="1024" src="https://sinpro-rio.org.br/principal/wp-content/uploads/2020/08/5c0cead9-fcf0-403c-9f50-454aad7d076b-1024x1024.jpeg" alt="" class="wp-image-28949" srcset="https://www.sinpro-rio.org.br/principal/wp-content/uploads/2020/08/5c0cead9-fcf0-403c-9f50-454aad7d076b-1024x1024.jpeg 1024w, https://www.sinpro-rio.org.br/principal/wp-content/uploads/2020/08/5c0cead9-fcf0-403c-9f50-454aad7d076b-300x300.jpeg 300w, https://www.sinpro-rio.org.br/principal/wp-content/uploads/2020/08/5c0cead9-fcf0-403c-9f50-454aad7d076b-100x100.jpeg 100w, https://www.sinpro-rio.org.br/principal/wp-content/uploads/2020/08/5c0cead9-fcf0-403c-9f50-454aad7d076b-768x768.jpeg 768w, https://www.sinpro-rio.org.br/principal/wp-content/uploads/2020/08/5c0cead9-fcf0-403c-9f50-454aad7d076b.jpeg 1080w" sizes="(max-width: 1024px) 100vw, 1024px" /></figure>

<p>Pré-inscrição assembleia virtual do dia 19/08/2020 às 18h pelo &#8216;Zoom&#8217;</p>

<!-- This site is optimized with the Yoast SEO plugin v25.7 - https://yoast.com/wordpress/plugins/seo/ -->
<title>Pré-inscricao assembleia virtual - Sinpro-Rio</title>
<meta name="robots" content="index, follow, max-snippet:-1, max-image-preview:large, max-video-preview:-1" />
<link rel="canonical" href="https://www.sinpro-rio.org.br/principal/pre-inscricao-assembleia-virtual/" />
<meta property="og:locale" content="pt_BR" />
<meta property="og:type" content="article" />
<meta property="og:title" content="Pré-inscricao assembleia virtual - Sinpro-Rio" />
<meta property="og:description" content="Pré-inscrição assembleia virtual do dia 19/08/2020 às 18h pelo &#8216;Zoom&#8217;" />
<meta property="og:url" content="https://www.sinpro-rio.org.br/principal/pre-inscricao-assembleia-virtual/" />
<meta property="og:site_name" content="Sinpro-Rio" />
<meta property="article:modified_time" content="2020-08-15T22:20:45+00:00" />
<meta property="og:image" content="https://www.sinpro-rio.org.br/principal/wp-content/uploads/2020/08/5c0cead9-fcf0-403c-9f50-454aad7d076b.jpeg" />
	<meta property="og:image:width" content="1080" />
	<meta property="og:image:height" content="1080" />
	<meta property="og:image:type" content="image/jpeg" />
<meta name="twitter:card" content="summary_large_image" />
<script type="application/ld+json" class="yoast-schema-graph">{"@context":"https://schema.org","@graph":[{"@type":"WebPage","@id":"https://www.sinpro-rio.org.br/principal/pre-inscricao-assembleia-virtual/","url":"https://www.sinpro-rio.org.br/principal/pre-inscricao-assembleia-virtual/","name":"Pré-inscricao assembleia virtual - Sinpro-Rio","isPartOf":{"@id":"https://www.sinpro-rio.org.br/principal/#website"},"primaryImageOfPage":{"@id":"https://www.sinpro-rio.org.br/principal/pre-inscricao-assembleia-virtual/#primaryimage"},"image":{"@id":"https://www.sinpro-rio.org.br/principal/pre-inscricao-assembleia-virtual/#primaryimage"},"thumbnailUrl":"https://sinpro-rio.org.br/principal/wp-content/uploads/2020/08/5c0cead9-fcf0-403c-9f50-454aad7d076b-1024x1024.jpeg","datePublished":"2020-08-07T03:04:11+00:00","dateModified":"2020-08-15T22:20:45+00:00","breadcrumb":{"@id":"https://www.sinpro-rio.org.br/principal/pre-inscricao-assembleia-virtual/#breadcrumb"},"inLanguage":"pt-BR","potentialAction":[{"@type":"ReadAction","target":["https://www.sinpro-rio.org.br/principal/pre-inscricao-assembleia-virtual/"]}]},{"@type":"ImageObject","inLanguage":"pt-BR","@id":"https://www.sinpro-rio.org.br/principal/pre-inscricao-assembleia-virtual/#primaryimage","url":"https://sinpro-rio.org.br/principal/wp-content/uploads/2020/08/5c0cead9-fcf0-403c-9f50-454aad7d076b-1024x1024.jpeg","contentUrl":"https://sinpro-rio.org.br/principal/wp-content/uploads/2020/08/5c0cead9-fcf0-403c-9f50-454aad7d076b-1024x1024.jpeg"},{"@type":"BreadcrumbList","@id":"https://www.sinpro-rio.org.br/principal/pre-inscricao-assembleia-virtual/#breadcrumb","itemListElement":[{"@type":"ListItem","position":1,"name":"Início","item":"https://www.sinpro-rio.org.br/principal/"},{"@type":"ListItem","position":2,"name":"Pré-inscricao assembleia virtual"}]},{"@type":"WebSite","@id":"https://www.sinpro-rio.org.br/principal/#website","url":"https://www.sinpro-rio.org.br/principal/","name":"Sinpro-Rio","description":"Sindicato dos Professores do Município do Rio de Janeiro e Região","potentialAction":[{"@type":"SearchAction","target":{"@type":"EntryPoint","urlTemplate":"https://www.sinpro-rio.org.br/principal/?s={search_term_string}"},"query-input":{"@type":"PropertyValueSpecification","valueRequired":true,"valueName":"search_term_string"}}],"inLanguage":"pt-BR"}]}</script>
<!-- / Yoast SEO plugin. -->

Pré-inscricao assembleia virtual - Sinpro-Rio

Pré-inscrição assembleia virtual do dia 19/08/2020 às 18h pelo &#8216;Zoom&#8217;

Início

Sindicato dos Professores do Município do Rio de Janeiro e Região
