{"version":"1.0","provider_name":"Sinpro-Rio","provider_url":"https:\/\/www.sinpro-rio.org.br\/principal","author_name":"alessandra","author_url":"https:\/\/www.sinpro-rio.org.br\/principal\/author\/alessandra\/","title":"Semin\u00e1rio: 50 anos de 68, na Uerj - Sinpro-Rio","type":"rich","width":600,"height":338,"html":"<blockquote class=\"wp-embedded-content\" data-secret=\"g7guU4qlUA\"><a href=\"https:\/\/www.sinpro-rio.org.br\/principal\/seminario-50-anos-de-68-na-uerj\/\">Semin\u00e1rio: 50 anos de 68, na Uerj<\/a><\/blockquote><iframe sandbox=\"allow-scripts\" security=\"restricted\" src=\"https:\/\/www.sinpro-rio.org.br\/principal\/seminario-50-anos-de-68-na-uerj\/embed\/#?secret=g7guU4qlUA\" width=\"600\" height=\"338\" title=\"&#8220;Semin\u00e1rio: 50 anos de 68, na Uerj&#8221; &#8212; Sinpro-Rio\" data-secret=\"g7guU4qlUA\" frameborder=\"0\" marginwidth=\"0\" marginheight=\"0\" scrolling=\"no\" class=\"wp-embedded-content\"><\/iframe><script type=\"text\/javascript\">\n\/* <![CDATA[ *\/\n\/*! This file is auto-generated *\/\n!function(d,l){\"use strict\";l.querySelector&&d.addEventListener&&\"undefined\"!=typeof URL&&(d.wp=d.wp||{},d.wp.receiveEmbedMessage||(d.wp.receiveEmbedMessage=function(e){var t=e.data;if((t||t.secret||t.message||t.value)&&!\/[^a-zA-Z0-9]\/.test(t.secret)){for(var s,r,n,a=l.querySelectorAll('iframe[data-secret=\"'+t.secret+'\"]'),o=l.querySelectorAll('blockquote[data-secret=\"'+t.secret+'\"]'),c=new RegExp(\"^https?:$\",\"i\"),i=0;i<o.length;i++)o[i].style.display=\"none\";for(i=0;i<a.length;i++)s=a[i],e.source===s.contentWindow&&(s.removeAttribute(\"style\"),\"height\"===t.message?(1e3<(r=parseInt(t.value,10))?r=1e3:~~r<200&&(r=200),s.height=r):\"link\"===t.message&&(r=new URL(s.getAttribute(\"src\")),n=new URL(t.value),c.test(n.protocol))&&n.host===r.host&&l.activeElement===s&&(d.top.location.href=t.value))}},d.addEventListener(\"message\",d.wp.receiveEmbedMessage,!1),l.addEventListener(\"DOMContentLoaded\",function(){for(var e,t,s=l.querySelectorAll(\"iframe.wp-embedded-content\"),r=0;r<s.length;r++)(t=(e=s[r]).getAttribute(\"data-secret\"))||(t=Math.random().toString(36).substring(2,12),e.src+=\"#?secret=\"+t,e.setAttribute(\"data-secret\",t)),e.contentWindow.postMessage({message:\"ready\",secret:t},\"*\")},!1)))}(window,document);\n\/* ]]> *\/\n<\/script>\n","thumbnail_url":null,"thumbnail_width":null,"thumbnail_height":null,"description":"A Universidade do Estado do Rio de Janeiro (UERJ) sediar\u00e1, dia 9, semin\u00e1rio para celebra\u00e7\u00e3o dos 50 anos do Maio de 68 no\u00a07\u00ba andar, Bloco F, sala 7005 (Pavilh\u00e3o Reitor Jo\u00e3o Lyra Filho) \u00e0s 17h. Evento ter\u00e1 como convidada a\u00a0\u00a0Prof.\u00aa Vera Malaguti Batista, membro do conselho editorial de AND."}

Seminário: 50 anos de 68, na Uerj - Sinpro-Rio

<blockquote class="wp-embedded-content" data-secret="g7guU4qlUA"><a href="https://www.sinpro-rio.org.br/principal/seminario-50-anos-de-68-na-uerj/">Seminário: 50 anos de 68, na Uerj</a></blockquote><iframe sandbox="allow-scripts" security="restricted" src="https://www.sinpro-rio.org.br/principal/seminario-50-anos-de-68-na-uerj/embed/#?secret=g7guU4qlUA" width="600" height="338" title="&#8220;Seminário: 50 anos de 68, na Uerj&#8221; &#8212; Sinpro-Rio" data-secret="g7guU4qlUA" frameborder="0" marginwidth="0" marginheight="0" scrolling="no" class="wp-embedded-content"></iframe><script type="text/javascript">
/* <![CDATA[ */
/*! This file is auto-generated */
!function(d,l){"use strict";l.querySelector&&d.addEventListener&&"undefined"!=typeof URL&&(d.wp=d.wp||{},d.wp.receiveEmbedMessage||(d.wp.receiveEmbedMessage=function(e){var t=e.data;if((t||t.secret||t.message||t.value)&&!/[^a-zA-Z0-9]/.test(t.secret)){for(var s,r,n,a=l.querySelectorAll('iframe[data-secret="'+t.secret+'"]'),o=l.querySelectorAll('blockquote[data-secret="'+t.secret+'"]'),c=new RegExp("^https?:$","i"),i=0;i<o.length;i++)o[i].style.display="none";for(i=0;i<a.length;i++)s=a[i],e.source===s.contentWindow&&(s.removeAttribute("style"),"height"===t.message?(1e3<(r=parseInt(t.value,10))?r=1e3:~~r<200&&(r=200),s.height=r):"link"===t.message&&(r=new URL(s.getAttribute("src")),n=new URL(t.value),c.test(n.protocol))&&n.host===r.host&&l.activeElement===s&&(d.top.location.href=t.value))}},d.addEventListener("message",d.wp.receiveEmbedMessage,!1),l.addEventListener("DOMContentLoaded",function(){for(var e,t,s=l.querySelectorAll("iframe.wp-embedded-content"),r=0;r<s.length;r++)(t=(e=s[r]).getAttribute("data-secret"))||(t=Math.random().toString(36).substring(2,12),e.src+="#?secret="+t,e.setAttribute("data-secret",t)),e.contentWindow.postMessage({message:"ready",secret:t},"*")},!1)))}(window,document);
/* ]]> */
</script>

A Universidade do Estado do Rio de Janeiro (UERJ) sediará, dia 9, seminário para celebração dos 50 anos do Maio de 68 no 7º andar, Bloco F, sala 7005 (Pavilhão Reitor João Lyra Filho) às 17h. Evento terá como convidada a  Prof.ª Vera Malaguti Batista, membro do conselho editorial de AND.
