{"version":"1.0","provider_name":"Sinpro-Rio","provider_url":"https:\/\/www.sinpro-rio.org.br\/principal","author_name":"rafaelrjp","author_url":"https:\/\/www.sinpro-rio.org.br\/principal\/author\/rafaelrjp\/","title":"Greve na Candido Mendes - Sinpro-Rio","type":"rich","width":600,"height":338,"html":"<blockquote class=\"wp-embedded-content\" data-secret=\"Tgd9Uc9gso\"><a href=\"https:\/\/www.sinpro-rio.org.br\/principal\/greve-na-candido-mendes\/\">Greve na Candido Mendes<\/a><\/blockquote><iframe sandbox=\"allow-scripts\" security=\"restricted\" src=\"https:\/\/www.sinpro-rio.org.br\/principal\/greve-na-candido-mendes\/embed\/#?secret=Tgd9Uc9gso\" width=\"600\" height=\"338\" title=\"&#8220;Greve na Candido Mendes&#8221; &#8212; Sinpro-Rio\" data-secret=\"Tgd9Uc9gso\" frameborder=\"0\" marginwidth=\"0\" marginheight=\"0\" scrolling=\"no\" class=\"wp-embedded-content\"><\/iframe><script type=\"text\/javascript\">\n\/* <![CDATA[ *\/\n\/*! This file is auto-generated *\/\n!function(d,l){\"use strict\";l.querySelector&&d.addEventListener&&\"undefined\"!=typeof URL&&(d.wp=d.wp||{},d.wp.receiveEmbedMessage||(d.wp.receiveEmbedMessage=function(e){var t=e.data;if((t||t.secret||t.message||t.value)&&!\/[^a-zA-Z0-9]\/.test(t.secret)){for(var s,r,n,a=l.querySelectorAll('iframe[data-secret=\"'+t.secret+'\"]'),o=l.querySelectorAll('blockquote[data-secret=\"'+t.secret+'\"]'),c=new RegExp(\"^https?:$\",\"i\"),i=0;i<o.length;i++)o[i].style.display=\"none\";for(i=0;i<a.length;i++)s=a[i],e.source===s.contentWindow&&(s.removeAttribute(\"style\"),\"height\"===t.message?(1e3<(r=parseInt(t.value,10))?r=1e3:~~r<200&&(r=200),s.height=r):\"link\"===t.message&&(r=new URL(s.getAttribute(\"src\")),n=new URL(t.value),c.test(n.protocol))&&n.host===r.host&&l.activeElement===s&&(d.top.location.href=t.value))}},d.addEventListener(\"message\",d.wp.receiveEmbedMessage,!1),l.addEventListener(\"DOMContentLoaded\",function(){for(var e,t,s=l.querySelectorAll(\"iframe.wp-embedded-content\"),r=0;r<s.length;r++)(t=(e=s[r]).getAttribute(\"data-secret\"))||(t=Math.random().toString(36).substring(2,12),e.src+=\"#?secret=\"+t,e.setAttribute(\"data-secret\",t)),e.contentWindow.postMessage({message:\"ready\",secret:t},\"*\")},!1)))}(window,document);\n\/* ]]> *\/\n<\/script>\n","description":"Os professores e funcion\u00e1rios da Universidade Candido Mendes (Ucam), reunidos em assembleia no dia 30 de abril, decidiram entrar em greve devido ao n\u00e3o cumprimento, por parte da Reitoria, da quita\u00e7\u00e3o dos sal\u00e1rios atrasados. A associa\u00e7\u00e3o de professores e funcion\u00e1rios da Ucam (Procam) divulgou um comunicado, manifestando, junto \u00e0 comunidade acad\u00eamica, seu rep\u00fadio \u00e0 interven\u00e7\u00e3o [&hellip;]"}

Os professores e funcionários da Universidade Candido Mendes (Ucam), reunidos em assembleia no dia 30 de abril, decidiram entrar em greve devido ao não cumprimento, por parte da Reitoria, da quitação dos salários atrasados. A associação de professores e funcionários da Ucam (Procam) divulgou um comunicado, manifestando, junto à comunidade acadêmica, seu repúdio à intervenção [&hellip;]
