{"version":"1.0","provider_name":"Sinpro-Rio","provider_url":"https:\/\/www.sinpro-rio.org.br\/principal","author_name":"Rafael","author_url":"https:\/\/www.sinpro-rio.org.br\/principal\/author\/rafael\/","title":"Discurso Publicit\u00e1rio e Consumo de Fred Tavares - Sinpro-Rio","type":"rich","width":600,"height":338,"html":"<blockquote class=\"wp-embedded-content\" data-secret=\"5W0Jyh3r19\"><a href=\"https:\/\/www.sinpro-rio.org.br\/principal\/discurso-publicitario-e-consumo-de-fred-tavares\/\">Discurso Publicit\u00e1rio e Consumo de Fred Tavares<\/a><\/blockquote><iframe sandbox=\"allow-scripts\" security=\"restricted\" src=\"https:\/\/www.sinpro-rio.org.br\/principal\/discurso-publicitario-e-consumo-de-fred-tavares\/embed\/#?secret=5W0Jyh3r19\" width=\"600\" height=\"338\" title=\"&#8220;Discurso Publicit\u00e1rio e Consumo de Fred Tavares&#8221; &#8212; Sinpro-Rio\" data-secret=\"5W0Jyh3r19\" frameborder=\"0\" marginwidth=\"0\" marginheight=\"0\" scrolling=\"no\" class=\"wp-embedded-content\"><\/iframe><script type=\"text\/javascript\">\n\/* <![CDATA[ *\/\n\/*! This file is auto-generated *\/\n!function(d,l){\"use strict\";l.querySelector&&d.addEventListener&&\"undefined\"!=typeof URL&&(d.wp=d.wp||{},d.wp.receiveEmbedMessage||(d.wp.receiveEmbedMessage=function(e){var t=e.data;if((t||t.secret||t.message||t.value)&&!\/[^a-zA-Z0-9]\/.test(t.secret)){for(var s,r,n,a=l.querySelectorAll('iframe[data-secret=\"'+t.secret+'\"]'),o=l.querySelectorAll('blockquote[data-secret=\"'+t.secret+'\"]'),c=new RegExp(\"^https?:$\",\"i\"),i=0;i<o.length;i++)o[i].style.display=\"none\";for(i=0;i<a.length;i++)s=a[i],e.source===s.contentWindow&&(s.removeAttribute(\"style\"),\"height\"===t.message?(1e3<(r=parseInt(t.value,10))?r=1e3:~~r<200&&(r=200),s.height=r):\"link\"===t.message&&(r=new URL(s.getAttribute(\"src\")),n=new URL(t.value),c.test(n.protocol))&&n.host===r.host&&l.activeElement===s&&(d.top.location.href=t.value))}},d.addEventListener(\"message\",d.wp.receiveEmbedMessage,!1),l.addEventListener(\"DOMContentLoaded\",function(){for(var e,t,s=l.querySelectorAll(\"iframe.wp-embedded-content\"),r=0;r<s.length;r++)(t=(e=s[r]).getAttribute(\"data-secret\"))||(t=Math.random().toString(36).substring(2,12),e.src+=\"#?secret=\"+t,e.setAttribute(\"data-secret\",t)),e.contentWindow.postMessage({message:\"ready\",secret:t},\"*\")},!1)))}(window,document);\n\/* ]]> *\/\n<\/script>\n","thumbnail_url":"https:\/\/www.sinpro-rio.org.br\/principal\/wp-content\/uploads\/2018\/11\/07-discurso-publicitario.jpg","thumbnail_width":100,"thumbnail_height":144,"description":"Ao abordar o car\u00e1ter manipulat\u00f3rio do discurso publicit\u00e1rio, Frederico Augusto Tavares Junior convida-nos a uma reflex\u00e3o ling\u00fc\u00edstico-ideol\u00f3gica sobre a rela\u00e7\u00e3o causa\/efeito na linguagem da propaganda. Para tanto, vale-se de arcabou\u00e7o te\u00f3rico adequado aos seus objetivos e revela-se competente analista de pr\u00e1ticas discursivas, como a presente no an\u00fancio analisado. Fred Tavares, assim conhecido no mundo acad\u00eamico, [&hellip;]"}

Discurso Publicitário e Consumo de Fred Tavares - Sinpro-Rio

<blockquote class="wp-embedded-content" data-secret="5W0Jyh3r19"><a href="https://www.sinpro-rio.org.br/principal/discurso-publicitario-e-consumo-de-fred-tavares/">Discurso Publicitário e Consumo de Fred Tavares</a></blockquote><iframe sandbox="allow-scripts" security="restricted" src="https://www.sinpro-rio.org.br/principal/discurso-publicitario-e-consumo-de-fred-tavares/embed/#?secret=5W0Jyh3r19" width="600" height="338" title="&#8220;Discurso Publicitário e Consumo de Fred Tavares&#8221; &#8212; Sinpro-Rio" data-secret="5W0Jyh3r19" frameborder="0" marginwidth="0" marginheight="0" scrolling="no" class="wp-embedded-content"></iframe><script type="text/javascript">
/* <![CDATA[ */
/*! This file is auto-generated */
!function(d,l){"use strict";l.querySelector&&d.addEventListener&&"undefined"!=typeof URL&&(d.wp=d.wp||{},d.wp.receiveEmbedMessage||(d.wp.receiveEmbedMessage=function(e){var t=e.data;if((t||t.secret||t.message||t.value)&&!/[^a-zA-Z0-9]/.test(t.secret)){for(var s,r,n,a=l.querySelectorAll('iframe[data-secret="'+t.secret+'"]'),o=l.querySelectorAll('blockquote[data-secret="'+t.secret+'"]'),c=new RegExp("^https?:$","i"),i=0;i<o.length;i++)o[i].style.display="none";for(i=0;i<a.length;i++)s=a[i],e.source===s.contentWindow&&(s.removeAttribute("style"),"height"===t.message?(1e3<(r=parseInt(t.value,10))?r=1e3:~~r<200&&(r=200),s.height=r):"link"===t.message&&(r=new URL(s.getAttribute("src")),n=new URL(t.value),c.test(n.protocol))&&n.host===r.host&&l.activeElement===s&&(d.top.location.href=t.value))}},d.addEventListener("message",d.wp.receiveEmbedMessage,!1),l.addEventListener("DOMContentLoaded",function(){for(var e,t,s=l.querySelectorAll("iframe.wp-embedded-content"),r=0;r<s.length;r++)(t=(e=s[r]).getAttribute("data-secret"))||(t=Math.random().toString(36).substring(2,12),e.src+="#?secret="+t,e.setAttribute("data-secret",t)),e.contentWindow.postMessage({message:"ready",secret:t},"*")},!1)))}(window,document);
/* ]]> */
</script>

Ao abordar o caráter manipulatório do discurso publicitário, Frederico Augusto Tavares Junior convida-nos a uma reflexão lingüístico-ideológica sobre a relação causa/efeito na linguagem da propaganda. Para tanto, vale-se de arcabouço teórico adequado aos seus objetivos e revela-se competente analista de práticas discursivas, como a presente no anúncio analisado. Fred Tavares, assim conhecido no mundo acadêmico, [&hellip;]
